t v(q) = q**3 - 10*q**2 + 11*q - 7. Let f be v(9). Suppose 4*r - 6*z + 8 = -f*z, 0 = -4*r - 3*z - 8. Calculate d(r).
-11
Let i(x) = 10*x + 10. Let k be i(-4). Let q = -21 - k. Let a(m) = 4*m - 7*m**2 - m**2 - 2 + q*m**2. Give a(-5).
3
Let f(m) = m + 3. Let o be (-22)/(-77) + (-108)/(-14). Let n(j) = -j + 10. Let p be n(o). Suppose g - 2*i + 2 = 0, -3*g + i - 13 = p*i. What is f(g)?
-1
Let g(k) = k**2 - 2*k - 2. Let f be g(-2). Let b(c) be the second derivative of -c**3/6 + 3*c**2 + 4184*c. Calculate b(f).
0
Let i(z) be the first derivative of 2*z**3/3 + 9*z**2 - 18*z + 28. What is i(-10)?
2
Let v(x) be the third derivative of x**4/24 + x**3/3 + x**2 + 126. Calculate v(3).
5
Let j(n) = -34*n + 4 + 20*n + 12*n + 10*n. Calculate j(-3).
-20
Let d(m) = 4*m**2 - 5 - m**2 - 4*m**2. Let w = 1 + 4. Suppose w*g - 4*u = -20, -4*g - 3*u - 10 = -5*u. What is d(g)?
-5
Let t(x) = -10 + 6*x**3 + 103*x**2 + 0*x - 109*x**2 + 4*x - 7*x**3. Calculate t(-7).
11
Let j(p) = -p**3 - 4*p**2 + 6*p + 3. Suppose 0 = -1886*m + 1872*m - 84. Give j(m).
39
Let q(m) = -3*m + 29. Let d(l) = -17*l + 151. Let o(i) = -4*d(i) + 22*q(i). What is o(0)?
34
Let l = -114 + 116. Let t(f) be the second derivative of 1/12*f**4 + 5/2*f**l + f**3 + 4*f + 0. What is t(-6)?
5
Let p(c) = 7*c**3 - 2*c**2 - c. Suppose -7 = g - 20. Suppose 17 = 6*o - g. Suppose 8 = -3*f + o. Calculate p(f).
-8
Let f(d) = -5*d + 5*d + 12 + 0*d - 2*d + 6*d. Give f(-10).
-28
Suppose 0*u - 5*x + 70 = 5*u, -2*x - 26 = -4*u. Let n(g) = -3*g + 37. Calculate n(u).
10
Suppose 32 = 17*s - 70. Let p(j) = -j**3 + 7*j**2 - 6*j + 1. Give p(s).
1
Let n(b) = 3*b**3 - 6*b**2 - 7*b + 12. Let c(u) = -61 + 13*u**2 + 7*u**2 + 35*u - 16*u**3 + 10*u**2. Let y(x) = -2*c(x) - 11*n(x). Determine y(7).
-10
Let l(v) = 6*v - 1. Let t be l(1). Suppose 58 - 18 = t*i. Let s(x) = -3 + i*x + 3. What is s(-1)?
-8
Let f(o) = -2*o - 5. Let g be 50/20*14/5. Let n(j) = -6*j - 5. Let r(x) = 11*x + 10. Let k(c) = -7*n(c) - 4*r(c). Let d(z) = g*f(z) - 6*k(z). Give d(4).
-13
Suppose -3 = 2*g - 3*o, 0*g + 3*o = 3*g - 3. Let v(u) = -5*u**2 + 41*u - 26. Let j(f) = -f**2 + 8*f - 5. Let q(b) = -11*j(b) + 2*v(b). Calculate q(g).
3
Suppose 35 = -7*y - 35. Let m(x) = -x**2 - 10*x + 11. Determine m(y).
11
Let r(x) be the second derivative of x**8/6720 + x**7/840 + x**6/720 + 5*x**4/3 - 23*x. Let n(i) be the third derivative of r(i). Give n(-3).
-3
Let t(l) = -3*l**2 - 5*l + 4. Let n(m) = -11*m**2 - 15*m + 12. Let j(a) = 2*n(a) - 7*t(a). Let c = -14 - -20. Give j(c).
-10
Let o(r) = 12*r**2 - 3*r + 13. Let u(f) = -8*f**2 + 2*f - 8. Let d(p) = -5*o(p) - 8*u(p). Give d(-1).
4
Let n(x) = 31 - 5 + 7*x**2 - 13*x - 2 - 6*x**2. Determine n(10).
-6
Suppose 3*z = 3 + 6. Let t = -6 + z. Let y(p) be the first derivative of -p**4/4 - 5*p**3/3 - 3*p**2/2 + 4*p - 2. What is y(t)?
-5
Let l(w) be the second derivative of 1/12*w**4 - 5/2*w**2 + 5/6*w**3 + 6*w + 0. Let c(y) = -4*y**2 + 2*y + 1. Let m be c(-1). Calculate l(m).
-5
Let l(m) = 9 + 3 + m**3 + 4*m + 0 + 4*m**2 - 3. Determine l(-4).
-7
Let c(r) be the third derivative of -r**5/60 - 5*r**4/24 + 2*r**3/3 - 85*r**2. Calculate c(-6).
-2
Let t(s) = -22*s. Let b(o) = o - 8. Let j(p) = 10*p**3 - p**2 + 3*p - 3. Let v be j(1). Let d be b(v). Determine t(d).
-22
Let o(r) = -r**3 + 4*r**2. Suppose -166 = -5*u + 224. Let f be u/24 - (-3)/(-12). What is o(f)?
9
Let l be (-2)/(-4) + 238/(-28). Let n = -4 - l. Let y(t) = 3*t**3 - 6 + 6*t**2 - 3*t - t - n*t**3. Determine y(5).
-1
Let q(j) = -j**2 + 10*j - 26. Let r(y) = y**2 + 50*y + 55. Let z be r(-49). Give q(z).
-2
Let g = 27 + -18. Let x(s) = -3*s**2 - 23*s + 4. Let v(w) = 5*w**2 + 35*w - 6. Let h(q) = -5*v(q) - 8*x(q). Determine h(g).
-2
Let o be 2/(-10) + 108/(-10). Let k(p) = 2*p - 21. Let j(w) = w - 10. Let d(a) = o*j(a) + 6*k(a). Suppose -3*q - 8 + 8 = 0. What is d(q)?
-16
Let v(p) be the third derivative of 4/3*p**3 + 0 + 0*p + 6*p**2 - 1/6*p**4 - 1/120*p**6 - 7/60*p**5. Calculate v(-6).
-4
Let l be (4 - (-56)/(-12))*-3. Suppose l*h - 1 = -15. Let t(j) = j**3 + 7*j**2 + 6. Determine t(h).
6
Let c(x) be the first derivative of -x**3 - 9*x**2 - 5*x - 532. Determine c(-7).
-26
Let g(s) = s + 5. Let d = 62 + -56. Let j be 2/(-4)*d - -3. Give g(j).
5
Let c(q) = q**2 + 6*q + 8. Let d be c(-5). Let p(v) = v**3 - v**2 - 3*v - 2. Let g be p(d). Let o(a) = -a + 3. What is o(g)?
-4
Suppose -7*c + 5*c = -3*d - 18, -4*c - 4*d - 4 = 0. Let a(r) be the third derivative of 0*r + 0 - 1/2*r**c - r**2 - 1/60*r**5 + 1/6*r**4. What is a(5)?
-8
Suppose 4*n + 1 - 13 = -4*i, i = -3*n + 3. Let j(x) = 3*x + 6. Let d be j(-4). Let w = i + d. Let v(u) = -2*u - 4. What is v(w)?
2
Let d(f) = 14*f**2 - 2*f - 1. Let l = 173 + -174. Give d(l).
15
Suppose 3*p - r = -5, -3*p + 3*r + r = 20. Suppose 5*t - 16 = 9. Let f(o) = 3*o + t + 2*o**2 - o - o - o**2. Give f(p).
5
Let c be (-1)/(-5) - (-4 + (-126)/(-30)). Let h(g) = -g - 11. Calculate h(c).
-11
Let s(y) = 7*y**2 + y**3 - 742*y - 15 + 736*y + 15. Calculate s(-8).
-16
Let l(x) = 22 + 6*x - 19*x + 14*x. Let o be l(-24). Let d(i) = 4*i**3 + 4*i**2 - 5*i. Let a(s) = -s**3 - s**2 + s - 1. Let z(c) = 3*a(c) + d(c). Calculate z(o).
-3
Let n = 198 - 120. Suppose 0 = -0*u - 3*u + n. Let p(s) = 18*s + 13*s - u*s - 1. Calculate p(1).
4
Let l(u) = u**2 - u - 4. Let y be l(-2). Let k(f) = -f - 2*f**2 + 0*f + 0*f + 4*f**y. What is k(2)?
6
Let w = 4 + -5. Let g(k) = -k. Let j(o) = o + 1. Let x(d) = w*g(d) - 2*j(d). Determine x(-4).
2
Let x(y) = -y**3 - 6*y**2 - y. Let i = -10 + -6. Let t = 30 + i. Suppose t = -2*g + 2. Calculate x(g).
6
Let c(a) be the third derivative of a**5/30 + 7*a**4/24 + a**3/6 - 4*a**2 - 2*a. Calculate c(-5).
16
Let k = -33 - -83. Let a = -43 + k. Let i(g) = g**2 - 7*g - 2. What is i(a)?
-2
Let f(r) = -r**3 + 4*r**2 + 3*r + 5. Let i = -374 - -376. Let t = -3 - -14. Suppose 3*s + 5 = i*m - t, -5*s - 5 = m. Calculate f(m).
-5
Let k(i) = -8 - 22 + 12*i - 3*i - 7*i. Determine k(0).
-30
Let r(o) be the first derivative of 2*o**3/3 - 5*o**2 - 11*o - 275. Determine r(5).
-11
Let h(z) = 3 + 25*z - 22*z - 1. Give h(-7).
-19
Let a be ((-6)/(-5) - 0)*-10. Let l = 7 + a. Let d(u) = -u**2 + 2*u - 5. Let n(o) = -6*o**2 + 6*o - 22. Let b(c) = -5*d(c) + n(c). Calculate b(l).
-2
Let i(h) be the third derivative of -h**5/60 - h**4/3 + 7*h**3/6 - 22*h**2 + 5*h. Determine i(-12).
-41
Suppose 10 = -5*a + 60. Suppose 0 = -2*m - a + 4. Let p(g) = -g**3 - 6*g**2 - 4*g. Determine p(m).
-15
Let p(g) = -4*g + 56. Let u = -1045 - -1058. Calculate p(u).
4
Suppose -5*r + 4 = h, 2*h = 2*r + r - 5. Let c(i) be the third derivative of -4/15*i**5 + 1/12*i**4 + 1/6*i**3 + 0 + 0*i - 29*i**2. Calculate c(h).
-17
Let s(j) = j**3 + 5*j**2 - 4*j - 14. Suppose 6*z - 5*z = 2*g - 12, -2*z + 2*g = 18. Give s(z).
-26
Suppose 12*j - 223 = -199. Let p(z) = -z**2 + 3*z - 3. Determine p(j).
-1
Suppose 4*j + 5 = -2*n - 9, j + 11 = -3*n. Let c be n + (0 - 0 - -10 - -1). Let t(a) = a - 5. Give t(c).
3
Let u be (-20)/8*(-3 - 18/(-10)). Suppose -5*c = -4*t + 13, 2*c + 10 + u = -t. Let i(h) = h**2 + 2*h - 5. Calculate i(c).
10
Let w(y) = 4*y + 37. Let g(v) = -2*v + v + 1 - 5 - 5. Let j(b) = -9*g(b) - 2*w(b). Determine j(-6).
1
Suppose 4*v + 16 = 0, -4*s + 124*v = 128*v + 24. Let t(r) = -5*r**3 - 3*r**2 - 5*r - 4. Calculate t(s).
34
Let p(c) = -c**3 - 9*c**2 - 7*c - 4. Let v be p(-8). Let h = v - -7. Let i = 2 + h. Let m(g) = g**2 + 2*g + 4. Calculate m(i).
7
Let o(f) = -3*f**2 - 6*f + 13. Let p(z) = 7*z**2 + 13*z - 28. Let q(d) = 13*o(d) + 6*p(d). Determine q(-1).
4
Let y(g) = -g**3 + g**2 + g + 2. Let d(l) = -l**3 + 8*l**2 + 7*l + 22. Let s be d(9). Suppose -10 = 3*i + 5*c, c + s = 4*i + 2. Determine y(i).
2
Let g be 32 - 12/(0 - 4). Suppose -5*k + 0*k = g. Let t(o) = -o**2 - 5*o + 10. Determine t(k).
-4
Let l(q) = -4*q + 16 - 4*q + q + 4*q + 2*q. Determine l(14).
2
Let s be 12 + (-4)/(0 + 4). Let d(u) = u**2 - 10*u - 11. Let q be d(s). Let a = -3 + q. Let k(j) = -j**2 - 4*j - 4. What is k(a)?
-1
Let z(c) = -2*c. Let q be z(0). Let i(v) = -v**3 - v**2 - v - 11. Let r be i(q). Let j = r - -6. Let y(h) = -h**3 - 5*h**2 + h - 2. Calculate y(j).
-7
Let y(t) = -7*t - 14. Let p(s) = -s - 1. Let d(o) = 4*p(o) - y(o). Suppose -99*h - 35 = -94*h. Determine d(h).
-11
Let n = 166 + -165. Let q(l) be the first 